*4/12 - 5*k**3/6 - k**2 + k. Let i = -35 - -47. Suppose 5*o = 2*o - i. What is b(o)?
2
Let s(t) be the first derivative of 7*t**3/6 - 3*t**2 + 28*t + 50. Let a(x) be the first derivative of s(x). What is a(4)?
22
Let z(c) = -c**2 - 4*c. Let n(o) = 2*o + 3. Let p be n(-5). Let v(d) = -d**3 - 7*d**2 + 4*d - 4. Let a be v(p). Let k = a - -27. Calculate z(k).
-5
Let q(h) be the second derivative of -h**8/6720 + h**7/420 + h**5/120 - h**4/12 + 5*h. Let y(k) be the third derivative of q(k). Give y(6).
1
Let p(b) = 6*b - 8. Let d(w) = 5*w - 6. Let u(m) = -11*m + 13. Let x(a) = 5*d(a) + 2*u(a). Let v(k) = -6*p(k) + 11*x(k). Determine v(3).
-5
Let j(f) = 0*f**2 + 0*f + 1 + f**2 - f + 9*f. Let s be (1 + -11)*(-12)/(-20). Determine j(s).
-11
Let v be ((-6)/(-27) - (-2)/(-90))*5. Let p be (v + -4)*4*14/(-21). Let r(i) = 2*i - 7. Determine r(p).
9
Let n = -63 + 57. Let t be 1/(12/20)*3. Let m(h) = -4*h**2 + h**2 + 6*h**2 - 5 - 2*h**2 + t*h. Give m(n).
1
Let u(f) = -f**3 + f. Let k(v) = v**3 - 4*v**2 - 3*v - 5. Let n be 0 + 0/(-2) + 1. Let a(h) = n*k(h) + 2*u(h). Let x = -466 + 462. What is a(x)?
-1
Suppose -174 = 302*d - 273*d. Let g(n) = n**3 + 7*n**2 + 3*n + 3. Calculate g(d).
21
Let q(r) = 18*r**2 + 4*r**2 - 26*r**2 + 3 + 5*r**2 - 8*r. Give q(9).
12
Let t(c) = -c + 11. Let n be t(11). Let p(b) be the first derivative of 8*b**3/3 + b - 5. Let i(a) = 7*a**2 + 1. Let k(s) = -7*i(s) + 6*p(s). Determine k(n).
-1
Let b = -23 - -23. Let p(d) = b*d - 2*d - d + 6*d. Give p(2).
6
Let n(q) = q**3 + 8*q**2 + 10*q + 9. Let w be (-1 - (-2 + (1 - -7))) + 3. Let x(c) = c - 3. Let p be x(w). What is n(p)?
-12
Let q = 30 - 31. Let s(g) = -g - 1. Let c(t) = -7*t - 7. Let w(a) = q*c(a) + 6*s(a). What is w(-2)?
-1
Let y(j) = -j**3 - 5*j**2 + 6*j + 7. Let i(o) = 2*o - 12. Let p be i(6). Suppose p = 3*x + 4*x + 42. Calculate y(x).
7
Let p(k) be the first derivative of -k**4/4 - 11*k**3/3 - 5*k**2 + 5*k + 74. Give p(-10).
5
Suppose 0*t - 14 = 2*t. Let u(r) = 3 - r**3 + 4131*r**2 - 2069*r**2 - 2070*r**2 - 3*r. Determine u(t).
-25
Let x(b) = 6*b**2 + 6 - 1 - 15*b + 16 - 7 - 23*b**2 - b**3. Calculate x(-16).
-2
Let l be 0/(0 + -2) + 9. Let a = -3 + 9. Let z be a/l*30/(-4). Let d(x) = x**3 + 5*x**2 - 3*x - 7. Calculate d(z).
8
Let w(z) be the first derivative of z**2/2 - 9*z + 1. Let n = 143 + -143. Suppose -4*r + 0 = -20, -q - 4*r + 20 = n. What is w(q)?
-9
Let f(d) = -2*d**3 - 33*d**2 - 40*d + 52. Let o(x) = x**3 + 17*x**2 + 19*x - 26. Let n(l) = 2*f(l) + 5*o(l). Give n(-18).
28
Let h(p) = -p - 5. Let a be -8 + 13 + (-1 - -2). Calculate h(a).
-11
Let c(z) = -z**3 + 9*z**2 - 10*z - 5. Suppose 3*j - 42 + 10 = 4*o, -o = 2. Calculate c(j).
-21
Let t(j) = 5*j**3 - j**2 - j. Suppose -117 = 18*s - 99. Determine t(s).
-5
Let f(k) = -k**3 - 8*k**2 - 9*k - 4. Let r be -4 - 90/(-40)*(-8)/6. Calculate f(r).
10
Let f(v) = -6*v**2. Let m be 83/166*(1 + -1 + 2). Calculate f(m).
-6
Let o(y) be the third derivative of y**5/30 - y**4/6 + y**3/3 + 7*y**2. Let b(u) = -u - 10. Let q be b(-8). Let i = q + 4. Calculate o(i).
2
Suppose -5*y + 6 = 56. Let m = 11 + y. Let h be m + -1 - -2 - -5. Let x(t) = -t + 8. Calculate x(h).
1
Let u(a) = a**2 + 7*a + 1. Let v = 20 - 25. Give u(v).
-9
Let g be (-8 + -10)/(1/3). Let p = -59 - g. Let u(r) be the first derivative of r**2/2 + 3*r - 2. What is u(p)?
-2
Suppose -14 = 11*c - 3. Let z(k) = -2 + 3 + 7*k**2 - k**2. Give z(c).
7
Let s(d) = -d**2 + 5*d + 1. Let h(n) = -n**2 + 6*n + 1. Let k(l) = 6*h(l) - 7*s(l). Suppose 6*o = o + 4*z - 10, -3*o + 26 = 4*z. Determine k(o).
5
Let b(o) = -o**2 + 5*o - 5. Let l be b(4). Let j = l + -1. Let w(d) = -1 + 16*d + 22*d - 34*d. What is w(j)?
-9
Let d be ((-3)/4)/((-4)/96). Let c(n) = 6 + d*n**3 - n**2 + 3*n**2 - 7. Let i = 52 - 53. Determine c(i).
-17
Let c(f) = -3*f - 1. Suppose 3*g - 5*g + 4*h = -2, 0 = 4*g - h - 18. Suppose -g*p = -5*x, 4*p = -3 - 1. Give c(x).
2
Suppose 0 = 5*q - 9 - 16. Suppose 0*y + 10 = -q*y. Let i(d) be the second derivative of -d**4/6 - d**3/3 - 3*d**2/2 + 4*d. Give i(y).
-7
Let a(v) be the first derivative of 2*v**3/3 - 3*v**2/2 + 4*v + 160. Calculate a(3).
13
Let t(f) = f - 1. Let k be 4 + (-4)/(-12)*-6. Calculate t(k).
1
Suppose 2*s - 5 = -0*s + n, 3*n - 9 = 0. Let k(y) = -3*y. Calculate k(s).
-12
Let k(j) = j - 14. Let s(c) = -1. Let p be 0 + -4 - (5 + -10). Let r(y) = p*k(y) - 6*s(y). Determine r(5).
-3
Let a(z) be the first derivative of -z**3/3 - z**2/2 + 26*z - 191. Calculate a(0).
26
Let v(h) be the first derivative of h**3/3 - h**2 - 1. Let b be 4/5*60/(-24). Let i be b*(4 + 11/(-2)). Give v(i).
3
Suppose -81*y + 11*y + 210 = 0. Let x(f) be the third derivative of 0*f**4 + 1/3*f**y + 1/30*f**5 + 0*f + 0 - 1/120*f**6 - 14*f**2. Give x(2).
2
Let p(u) = -3*u. Let l = 8 + -42. Let i = 37 + l. What is p(i)?
-9
Suppose 0*h - 2*h + 3*k = 5, -6 = -2*k. Let c(x) = -x + x**h + 7*x - 7*x + 0*x + 10. Let f be 0 + 2 + (-2)/1. Determine c(f).
10
Let b(p) = 2*p**2 - 3*p + 1. Suppose 21 = -2*l + 5*l. Let u = 11 - l. Give b(u).
21
Let c be (-8)/(-8) + 2/(-1). Let b(m) = -12 + 16 - 11*m - 5. Give b(c).
10
Let f be 1 + 0 - (-3 - -2). Let d be (f - 23)*4/12. Let p(n) = -n**2 - 7*n - 4. What is p(d)?
-4
Let q(u) = u**3 + 6*u**2 - 8*u - 5. Let n be (702/45 - 16)*(2 + 13). Give q(n).
43
Let l be 2/(0 - -4)*476/238. Let b(n) = 26*n**2 + n. Determine b(l).
27
Let d(b) = 4*b - 2. Let y = -209 - -214. Calculate d(y).
18
Let u(n) = 2*n + 6. Let t(p) = -p**2 + 17*p - 40. Let i be t(14). Suppose -i*g + 5*g = -15. Calculate u(g).
-4
Let j(x) = -x**3 - 5*x**2 - 2*x. Suppose 4*w + 3*p - 6*p = -12, 2*w = 3*p. Let d(b) = 10*b. Let z be d(w). Let l be -5*8/z*-3. What is j(l)?
-8
Let b = -1968 + 1967. Let w(f) = -11*f + 2. Calculate w(b).
13
Let z(q) = -11*q - 15 + 6 + 4. Let h(u) = -12*u - 6. Let o = -7 + 2. Let m(p) = o*z(p) + 4*h(p). Calculate m(-1).
-6
Suppose 4*l - 5*y = -0*y - 4, 4*y = l + 12. Suppose -3*k + l*k - 2 = 0. Let s(r) = 2*r**3 - 3*r**3 - 4*r**2 - 3*r - 2*r**k. Calculate s(-5).
-10
Let y(a) = 11*a + 83. Let f be y(-8). Let i(k) = -k**2 - 3*k + 7. Give i(f).
-3
Let w(l) be the second derivative of l**3/6 - 5*l**2/2 - 3939*l. Suppose -2*g + 12 = -3*g + 3*j, -14 = g - 4*j. Let f(r) = -2*r - 8. Let i be f(g). Give w(i).
-1
Let t(i) = -i**3 + 3*i + 13*i**2 + 0 + 1 - 6*i**2 - 10*i**2. What is t(-3)?
-8
Let l(u) = 561*u - 6 + 553*u - 1116*u. Calculate l(3).
-12
Let a(v) = -v**3 + 5*v**2 - 5*v + 8. Let w be a(4). Let p(l) = l**3 + 7*l**2 + 5*l - 6. Let r be p(-5). Suppose 3*b + w = r. Let d(t) = 2*t - 6. Calculate d(b).
4
Suppose -3*u - n - 37 = 0, 13*u - 59 = 18*u - n. Let d(p) = -p**3 - 12*p**2 + p + 21. Determine d(u).
9
Suppose 14*p = 32 + 38. Let j(h) = h**3 - 4*h**2 - 7*h + 6. Calculate j(p).
-4
Let q(z) = z - 4. Suppose 2*h = -2*l + 14, 5*h + 2 - 27 = -3*l. Let p(c) = c - 4*c - h - c**2 + 3. Let k be p(-4). What is q(k)?
-7
Let t(m) = m**3 - 8*m**2 + 8*m. Let r = -63 - -69. Determine t(r).
-24
Let p(s) = 7*s**3 - s**2 + 11*s - 3. Let j(q) = 6*q**3 - q**2 + 9*q - 2. Let b(x) = 5*j(x) - 4*p(x). What is b(2)?
16
Let h(f) = -5*f - 55. Let m = -4 + 10. Let t(q) = -11 + 6*q - q - m*q. Let i(d) = -2*h(d) + 11*t(d). Give i(0).
-11
Let h be ((-4 - -9) + -1)*10/4. Let r(q) = -q**2 + 9*q + 2. What is r(h)?
-8
Let x be 8/60 + (-804)/(-45). Suppose 0 = -d + 4*d - x. Let h(t) = -t**3 + 6*t**2 - t + 5. Give h(d).
-1
Let v(r) be the first derivative of -9*r**4/2 + 2*r**3/3 + r**2/2 - r + 397. What is v(-1)?
18
Let q(v) = v**2 + 9*v - 11. Let p be q(-11). Let u(n) = 1 + 3*n - 15*n + p*n. Let y be ((-5)/(10/8))/1. Give u(y).
5
Let z(k) be the first derivative of -k**4/4 + 2*k**3/3 + k**2 + 3*k - 81. Calculate z(3).
0
Let q(n) be the first derivative of 1/2*n**2 - 8*n - 5. Calculate q(5).
-3
Let x(g) be the third derivative of g**4/4 + g**3/3 - 6*g**2. Suppose v - 5 + 2 = 0. Let j(c) = -12*c - 3. Let z(u) = v*j(u) + 5*x(u). Calculate z(-1).
7
Let s(a) = 3*a**3 - 7*a**2 - 15. Let i(x) = 8 - 1 + 11*x**2 - 7*x**2 - x**3. Let g(c) = 5*i(c) + 2*s(c). Calculate g(-6).
5
Let p(z) = 23*z - 2. Let r be p(0). Let t(l) = -l**3 - 4*l**2 + 3*l + 5. Determine t(r).
-9
Suppose -3*d - 4*z = -4*d - 11, 3*d = 2*z - 13. Let j(r) = -r - 4. Let m be j(d). Let u(i) = -8*i + 6*i + 1 - 3*i**2 + 3*i. Give u(m).
-3
Let o(r) be the third derivative 